factors of (-80)/(-6) - x/3.
13
Suppose 11*u = 6*u + 25, 22340 = 5*v - 4*u. What are the prime factors of v?
2, 13, 43
Let p(b) = b + 1. Let a be p(3). Suppose 36*o - 2832 + 312 = 0. Suppose 0 = -y - 5*q + o, a*y + 0*q = q + 175. List the prime factors of y.
3, 5
Let b be (9/18)/((-1)/(-6)). Suppose -6*f = 3*u - b*f - 279, -3*u + 249 = -3*f. What are the prime factors of u?
2, 11
Let r(p) = -19*p**3 + 2*p**2 + 9*p - 2. Let o(x) = 19*x**3 - 2*x**2 - 10*x + 1. Let m(a) = -4*o(a) - 5*r(a). List the prime factors of m(2).
2, 5, 7
Let p be (-21)/((-2 + 1)/(-1 - -2)). List the prime factors of (1 - p)*((-21)/(-12) - 6).
5, 17
Let f(m) = m**2 + 12*m + 7. Let w be f(-12). Suppose 0 = w*n - 6*n - 39. Let t = n + -14. What are the prime factors of t?
5
Let n(r) = 18*r - 17. Let y be n(3). Suppose -3*a + 373 = y. What are the prime factors of a?
2, 7
What are the prime factors of (-51)/12 + (-3)/(-12) - -251?
13, 19
What are the prime factors of (-3 - 0)/(-3) - 252/(-4)?
2
Let i be 9 - (-3)/(12/(-16)). Suppose 24 = 3*q + r - 2, -i*q - 2*r + 43 = 0. What are the prime factors of q?
3
Let z = 177 - 278. List the prime factors of 4/(-8)*-2 + z/(-1).
2, 3, 17
Suppose -6*u + 9874 = 2068. List the prime factors of u.
1301
What are the prime factors of 2262/(-24)*(-24)/6?
13, 29
Suppose -7*g - 120 = -2*g. Let b = 30 + g. List the prime factors of b.
2, 3
Let j = -15 - -234. List the prime factors of j.
3, 73
Suppose 23*l = 9*l - 770. Let k be (2 + -1)/((-3)/87). Let n = k - l. What are the prime factors of n?
2, 13
Let h be 2/9 + 237/27. Let g = h + -20. Let y = 5 - g. What are the prime factors of y?
2
Let v(i) = -935*i - 899. What are the prime factors of v(-4)?
3, 947
Let f = 34 - 29. Suppose -5*y - 54 = -3*w, 3*y + 30 = f*w - 44. What are the prime factors of w?
13
Let h(z) = 5*z**3 - 19*z**2 - 37*z + 13. Suppose 2*n = -n - 6. Let y(j) = j**3 - 5*j**2 - 9*j + 3. Let x(f) = n*h(f) + 9*y(f). List the prime factors of x(-6).
7
Suppose 2*u - 7 = -u - 5*j, -2*j - 20 = 5*u. List the prime factors of (6/(-18))/((-11)/u + -2).
2
Let z(y) be the second derivative of y**6/720 + y**5/10 + y**4/2 - 2*y. Let r(m) be the third derivative of z(m). List the prime factors of r(10).
2, 11
Let o(w) be the second derivative of -w**5/20 + w**4/2 + 17*w**3/6 - 6*w**2 - 30*w. List the prime factors of o(7).
2, 29
Let m(n) be the second derivative of 0 + 1/2*n**2 - 4*n - 1/6*n**3 + 1/6*n**4. List the prime factors of m(3).
2
Let b = 8 - 16. Let q = b + -47. Let l = 86 + q. What are the prime factors of l?
31
Suppose 10*z - 1541 = 809. List the prime factors of z.
5, 47
Let r(n) = n - 32. Let k be r(30). Let c be 2/(-7) - (-2)/7. What are the prime factors of 1 + k + c + 8?
7
Let r(z) = -5*z - 5. Let s = 15 - 23. List the prime factors of r(s).
5, 7
Let b(p) = 2*p**2 - 4. Let w be b(2). Suppose -h = -0*h - 2*g - 207, 5*g + 834 = w*h. What are the prime factors of h?
211
Suppose 306 = -3*h + 3627. List the prime factors of h.
3, 41
Suppose -4*x + 30 = 14. Suppose x*v - 279 = -5*k, 2*v - 129 = -k + 2*k. List the prime factors of v.
2, 3, 11
Let i(d) = -51 + 105 - 56 - 13*d**2 - 2*d**3 + 3*d**3 + 4*d. Let k(x) = x**2 - 5*x + 7. Let h be k(6). List the prime factors of i(h).
2, 5
Suppose 3*u + 4*k = 8*u + 10, 5*k = 2*u + 21. Suppose 0 = n - 2*h - 44, 250 = -u*n + 7*n - 4*h. List the prime factors of n.
2, 3
Suppose q - 2176 = w, -4*q + 199*w = 197*w - 8704. What are the prime factors of q?
2, 17
Suppose -458 - 202 = -10*x. Let q = x + -37. What are the prime factors of q?
29
Suppose 0 = -4*s - 2*w + 468, 2*s + 4*w - 246 = -0*w. Suppose 2*b = s + 23. List the prime factors of b.
3, 23
Suppose -2*l + 4*l = 0. Suppose l = 3*p - 103 - 41. Suppose -4*n + 30 = -m + 2*m, 4*m - 2*n = p. What are the prime factors of m?
2, 7
Let h be 2/(-2) + 32 - -2. Let o = 3 - 20. Let z = h + o. List the prime factors of z.
2
List the prime factors of (-66000)/(-54) - (2/9)/1.
2, 13, 47
Suppose 18*d - 13467 = 23217. What are the prime factors of d?
2, 1019
Let p = -684 - -2221. List the prime factors of p.
29, 53
Let t(s) = s**2 - 11*s - 7. Let b be t(12). Suppose -2*l + b*f - 33 = -167, f = -5*l + 335. List the prime factors of l.
67
Let p be 2 - -3*(-1)/(-3). Suppose p*l = -21 + 63. Suppose 8*h - l = 7*h. List the prime factors of h.
2, 7
Let k(n) = n + 1. Let f(t) = -3*t + 10. Let b(x) = f(x) + 4*k(x). Let i be b(-11). List the prime factors of (-133)/(-3) + 2/i.
3, 5
Suppose -3*j = 4*n - 1388, 2*j + n = 5*n + 892. List the prime factors of j.
2, 3, 19
Let y(j) = -j**3 - 5*j**2 + 3*j - 17. Suppose -20 = s - 3*g - 4, 2*g - 34 = 4*s. What are the prime factors of y(s)?
2, 3, 5
Let j(g) = g**3 + 13*g**2 - 15*g + 13. Let h be (-2)/(-10) - (-330)/(-25). List the prime factors of j(h).
2, 13
Suppose 2*d = u + 4*d - 16, 0 = 3*u - 3*d - 3. Suppose 9*g - 8*g - 60 = 0. List the prime factors of ((-12)/(-10))/(u/g).
2, 3
Suppose 816 = 2*c - 2588. What are the prime factors of c?
2, 23, 37
Let t(n) = n**2 - 8*n + 10. Let b be t(7). Suppose -6 = -3*s + b*p - 0, s + 3*p + 14 = 0. What are the prime factors of ((-10)/20)/(s/148)?
37
Suppose -3*a + 3724 = -5*g, -8*g + 5*g - 6 = 0. List the prime factors of a.
2, 619
Suppose 0 = -37*m + 9*m + 13300. What are the prime factors of m?
5, 19
Let u(x) = x**3 + 9*x**2 + 8. Suppose -5*z + 2*i - 3*i - 49 = 0, -2*i = -2*z - 10. List the prime factors of u(z).
2
List the prime factors of 1039/(((-2)/(-30))/((-27)/(-81))).
5, 1039
Let h = 15 + -7. Let a be 28/h + (-2)/(-4). Suppose a*f - 39 = 37. List the prime factors of f.
19
Suppose -3*f + 2*f = 4*m - 1458, 5*m = 20. What are the prime factors of 2/4 - f/(-28)?
2, 13
Let n = 16 - 5. Suppose 0 = -19*u + n*u + 1280. What are the prime factors of u?
2, 5
Let t(v) = -v**2 - 13*v. Suppose x - 5*h - 15 = 0, -3*x + 0*x - 4*h = 12. Suppose -4*k + 46 = -3*b - x*b, -4*b = 2*k + 32. List the prime factors of t(b).
2, 3, 5
Suppose 11*w = 15*w - 56. Suppose -2*h - 5*a + 498 = 0, 3*h + w*a - 773 = 13*a. What are the prime factors of h?
7, 37
Suppose 33*f = 6786 + 15786. List the prime factors of f.
2, 3, 19
Let h(v) = v**3 - 11*v**2 + 4. Let g be h(11). Suppose 0 = -g*i - i + 75. Suppose 5*c = -2*b + 4*b - 28, -3*c - i = -b. What are the prime factors of b?
3
Suppose -2*z + 2468 = 928. List the prime factors of z.
2, 5, 7, 11
Let d(r) = -1. Let a(c) = c + 4. Let x(j) = -a(j) + d(j). Suppose -5*z - 60 = 2*t + 3*t, 0 = -4*t + 5*z - 12. What are the prime factors of x(t)?
3
Let t be (14/(-8))/(2*(-2)/96). List the prime factors of 296/6 - 14/t.
7
Let d(y) = 119*y - 752. What are the prime factors of d(25)?
3, 13, 19
Let d(u) = -5*u - 6. Let c be d(-8). Suppose b = p - 4*b - c, -3 = -2*p - 3*b. Suppose -m + 10 = -p. List the prime factors of m.
19
Suppose -16 = -4*x - 5*i + i, -4*i - 29 = -5*x. Let n = -7 + x. What are the prime factors of n/(-11) + (-141)/(-11)?
13
Let j(i) = -i**2 - 10*i + 4*i**2 + 18*i + 0*i**2. What are the prime factors of j(-6)?
2, 3, 5
Suppose 2 = -3*i - 13. Let s = i + 75. What are the prime factors of s?
2, 5, 7
Suppose 4 = -l - 4. Let t = -9 - l. What are the prime factors of (232/24)/(t/(-3))?
29
Let f be (3 + (-1 - (-2)/(-1)))/(-2). Suppose 4*j + s - 435 = f, j = -0*s - 5*s + 104. List the prime factors of j.
109
Suppose 3*p - 1 = -4. Let z be 0/(((-4)/4)/p). Suppose 0 = -z*f + f - 22. What are the prime factors of f?
2, 11
Let h = -1215 - -1864. What are the prime factors of h?
11, 59
Let s(k) = 2*k - 3. Let y be s(6). Let z = y - 33. List the prime factors of 20*2*(-3)/z.
5
Let u(n) = -n**2 + 13*n + 13. Suppose 16 = -y + 5*y. Let j = y + 8. List the prime factors of u(j).
5
Let o = 0 + -3. List the prime factors of (985/10)/(o/(-6) + 0).
197
Suppose 6*a - 14 = 22. What are the prime factors of a*((-78)/(-4) + -4)?
3, 31
Let v(n) = 3 - 4*n - 6*n + 12*n. What are the prime factors of v(3)?
3
Suppose -2 = -o + 3. Let m(b) = -o*b + 2*b - 2*b + 3*b - 1. What are the prime factors of m(-2)?
3
Let w be 57/21 - 10/(-35). Suppose -5*l - 4*o + 530 = -522, w*l - 5*o = 646. List the prime factors of l.
2, 53
Suppose 0 = -28*h + 44*h - 32. List the prime factors of h.
2
Let g = 19 - 11. What are the prime factors of (18/g)/(3/60)?
3, 5
Let n(a) = a**2 - a + 4. Let w be n(3). Suppose 13*o = w*o + 9. Suppose 0 = o*d + 2 + 1, 3